{"id":44,"date":"2016-04-12T16:15:47","date_gmt":"2016-04-12T16:15:47","guid":{"rendered":"http:\/\/eduit.ba\/?page_id=44"},"modified":"2023-09-20T22:08:11","modified_gmt":"2023-09-20T22:08:11","slug":"pocetna","status":"publish","type":"page","link":"https:\/\/eduit.ba\/index.php\/pocetna\/","title":{"rendered":"Po\u010detna"},"content":{"rendered":"<h2 style=\"text-align: center;\"><strong>DOBRO DO\u0160LI NA NA\u0160U WEB STRANICU!<\/strong><\/h2>\n<hr \/>\n<p><a href=\"mailto:edukacija@ks.eduit.ba\"><img loading=\"lazy\" decoding=\"async\" class=\"aligncenter wp-image-625 size-large\" src=\"https:\/\/eduit.ba\/wp-content\/uploads\/2023\/09\/Plakat-eduIT-promo-2023-kursevi-FINAL-1024x1024.png\" alt=\"\" width=\"640\" height=\"640\" srcset=\"https:\/\/eduit.ba\/wp-content\/uploads\/2023\/09\/Plakat-eduIT-promo-2023-kursevi-FINAL-1024x1024.png 1024w, https:\/\/eduit.ba\/wp-content\/uploads\/2023\/09\/Plakat-eduIT-promo-2023-kursevi-FINAL-300x300.png 300w, https:\/\/eduit.ba\/wp-content\/uploads\/2023\/09\/Plakat-eduIT-promo-2023-kursevi-FINAL-150x150.png 150w, https:\/\/eduit.ba\/wp-content\/uploads\/2023\/09\/Plakat-eduIT-promo-2023-kursevi-FINAL-768x768.png 768w, https:\/\/eduit.ba\/wp-content\/uploads\/2023\/09\/Plakat-eduIT-promo-2023-kursevi-FINAL.png 1080w\" sizes=\"auto, (max-width: 640px) 100vw, 640px\" \/><\/a><\/p>\n<hr \/>\n<hr \/>\n<h2>Konferencija &#8211; Informacione tehnologije u obrazovanju<\/h2>\n<hr \/>\n<p>&nbsp;<\/p>\n<p style=\"text-align: center;\"><strong>Informacione tehnologije u obrazovanju &#8211; STEM u obrazovanju<\/strong><\/p>\n<p style=\"text-align: center;\"><strong>29.10.2019. godine | Hotel Hills Sarajevo<\/strong><\/p>\n<p style=\"text-align: center;\">Da popunite prijavu, kliknite na link <\/p>\n<hr \/>\n<p>&nbsp;<\/p>\n<hr \/>\n<p><img decoding=\"async\" class=\"img-responsive img-center aligncenter\" src=\"https:\/\/msnetwork.blob.core.windows.net\/public\/3d71cb61-0819-4620-a314-b62b46833e18.png\" \/><\/p>\n<p style=\"text-align: justify;\">Pod sloganom \u201eMake it cLoud\u201c, najve\u0107a poslovno-tehnolo\u0161ka konferencija u Bosni i Hercegovini, Microsoft NetWork 8, bit \u0107e odr\u017eana od 18. do 20. aprila 2018. godine u Grand hotelu Neum, <strong>a rane prijave za u\u010de\u0161\u0107e otvorene su do 23. februara 2018. godine.<\/strong><\/p>\n<p style=\"text-align: justify;\">U aprilu ove godine Microsoft NetWork 7 konferencija okupila je preko 900 u\u010desnika iz razli\u010ditih bran\u0161i, me\u0111u kojima su se na\u0161li stru\u010dnjaci iz svijeta biznisa i ICT-a, te predstavnici akademske zajednice i javnog sektora. Svi su imali priliku da pro\u0161ire mre\u017eu profesionalnih kontakata, kao i da saznaju na koji na\u010din tehnologija mo\u017ee da unaprijedi njihovo poslovanje.<\/p>\n<p style=\"text-align: justify;\">Microsoft NetWork 8 konferencija, po \u010detvrti put u Neumu, u\u010desnicima \u0107e ponuditi predavanja iz vi\u0161e\u00a0 tematskih cjelina, me\u0111u kojima su predavanja vezana za poslovnu digitalnu transformaciju, razvoj aplikativnih rje\u0161enja, infrastrukturu i sigurnost, migraciju aplikativnih rje\u0161enja i infrastrukture u cloud, edukacijska rje\u0161enja i studije slu\u010daja.<\/p>\n<p style=\"text-align: justify;\">Predavanja \u0107e se odvijati u salama kongresnog centra Grand Hotela Neum, a zvani\u010dno otvaranje konferencije planirano je za 18. april 2018. godine.<\/p>\n<p style=\"text-align: justify;\">Kotizacija za u\u010de\u0161\u0107e na konferenciji Microsoft NetWork 8 iznosi 400 KM (+17% PDV), <strong>a svi oni koji se prijave do 23. februara 2018. godine ostvaruju popust na rane kotizacije od 100 KM te pla\u0107aju kotizaciju u iznosu od 300 KM (+17% PDV).<\/strong><\/p>\n<p style=\"text-align: justify;\">Kao i prethodnih godina studentima je omogu\u0107eno da u\u010destvuju na najve\u0107oj IT konferenciji u Bosni i Hercegovini uz pla\u0107anje <strong>studentske kotizacije u iznosu od 50 KM (+ 17% PDV)<\/strong>.<\/p>\n<p style=\"text-align: justify;\">Sve informacije o <a href=\"https:\/\/www.instagram.com\/msnetworkbih\/\">MSNetWork8<\/a> konferenciji pod sloganom MAKE ITcLOUD dostupne su na zvani\u010dnoj web stranici konferencije <a href=\"http:\/\/www.msnetwork.ba\/\">www.msnetwork.ba<\/a> putem koje se mogu izvr\u0161iti i prijave za u\u010de\u0161\u0107e. Novosti o MS NetWork 8 mo\u017eete pratiti i putem dru\u0161tvenih mre\u017ea: <a href=\"https:\/\/www.facebook.com\/msnetworkbih\/\">Facebook<\/a>, <a href=\"https:\/\/www.instagram.com\/msnetworkbih\/\">Instagram<\/a> ili <a href=\"https:\/\/twitter.com\/msnetworkbih\">Twitter<\/a> Molim vas da koristite znavi\u010dne hashtag-ove konferencije prilikom dijeljenja vijesti na dru\u0161tvenim mre\u017eama <strong>#msnetwork8<\/strong> i <strong>#makeitcloud <\/strong><\/p>\n<p>Izvor:\u00a0 <a href=\"https:\/\/msnetwork.ba\/news\/9\">https:\/\/msnetwork.ba\/news\/9<\/a><\/p>\n<hr \/>\n<p style=\"text-align: center;\"><strong>Edukacija nastavnika\/profesora razredne nastave<\/strong><\/p>\n<p style=\"text-align: center;\">22.08. &#8211; 30.08.2016. godine<\/p>\n<p><iframe loading=\"lazy\" src=\"\/\/www.youtube.com\/embed\/MiPHQIQGipo\" width=\"560\" height=\"315\" frameborder=\"0\" allowfullscreen=\"allowfullscreen\"><\/iframe><\/p>\n<hr \/>\n<p style=\"text-align: justify;\">Organizacija i realizacija kantonalnog takmi\u010denja iz informatike za u\u010denike osnovnih i srednjih \u0161kola Kantona Sarajevo, bio je povod dana\u0161njeg sastanka ministra za obrazovanje, nauku i mlade KS Elvira Kazazovi\u0107a sa predstavnicima Aktiva i Udru\u017eenja profesora informatike KS\u00a0 Edina Smaji\u0107a, Vedrana Ljubovi\u0107a i Sadata Kova\u010devi\u0107a.<br \/>\nPrema rije\u010dima ministra Kazazovi\u0107a, rije\u010d o specifi\u010dnoj vrsti takmi\u010denja za koje Ministarstvo, Udru\u017eenje i Aktiv nastavnika informatike moraju na vrijeme usaglasiti sve neophodne tehni\u010dke preduslove.<br \/>\nInformati\u010dko takmi\u010denje za u\u010denike iz svih osnovnih i srednjih \u0161kola odr\u017eat \u0107e se sredinom narednog polugodi\u0161ta. Na inicijativu Aktiva profesora ovog predmeta, a uz saglasnost resornog ministarstva,\u00a0 organizacija i realizacija takmi\u010denja povjerena je \u010dlanovima Udru\u017eenja profesora informatike KS i profesorima sa Elektrotehni\u010dkog fakulteta u Sarajevu.<br \/>\n\u201eOni \u0107e organizovati i pripreme u\u010denika za takmi\u010denje, kao i on-line takmi\u010denja za one u\u010denike koji se na op\u0107inskim takmi\u010denjima nisu uspjeli plasirati direktno na kantonalno\u201c, najavio je predsjednik Udru\u017eenja profesora informatike KS Edin Smaji\u0107.<br \/>\nNa sastanku je razgovarano i o modalitetima unapre\u0111enja nastavnog procesa iz ovog predmeta, kao i o vrednovanju rada profesora informatike. Predstavnici Aktiva profesora informatike su najavili da \u0107e u vezi s ovim resornom ministarstvu dostaviti konkretne prijedloge.<br \/>\nMinistar Kazazovi\u0107 je dao podr\u0161ku planiranim aktivnostima, te je ovom prilikom istakao da \u0107e uskoro uprili\u010diti prijem za u\u010denika O\u0160 \u201eMehmed-beg Kapetanovi\u0107 Ljubu\u0161ak\u201c Admira Zategu,\u00a0 koji je osvojio prvo mjesto na nedavno odr\u017eanom dr\u017eavnom takmi\u010denju iz informatike i bronzanu medalju na balkanskoj informati\u010dkoj olimpijadi.<\/p>\n<p style=\"text-align: justify;\">Izvor: <a href=\"http:\/\/mon.ks.gov.ba\/node\/6175\">MONKS<\/a><\/p>\n<hr \/>\n","protected":false},"excerpt":{"rendered":"<p>DOBRO DO\u0160LI NA NA\u0160U WEB STRANICU! Konferencija &#8211; Informacione tehnologije u obrazovanju &nbsp; Informacione tehnologije u obrazovanju &#8211; STEM u obrazovanju 29.10.2019. godine | Hotel Hills Sarajevo Da popunite prijavu, kliknite na link &nbsp; Pod sloganom \u201eMake it cLoud\u201c, najve\u0107a poslovno-tehnolo\u0161ka konferencija u Bosni i Hercegovini, Microsoft NetWork 8, bit \u0107e odr\u017eana od 18. do 20. aprila 2018. godine u [&hellip;]<\/p>\n","protected":false},"author":1,"featured_media":0,"parent":0,"menu_order":0,"comment_status":"closed","ping_status":"closed","template":"","meta":{"_crdt_document":"","footnotes":""},"class_list":["post-44","page","type-page","status-publish","hentry"],"_links":{"self":[{"href":"https:\/\/eduit.ba\/index.php\/wp-json\/wp\/v2\/pages\/44","targetHints":{"allow":["GET"]}}],"collection":[{"href":"https:\/\/eduit.ba\/index.php\/wp-json\/wp\/v2\/pages"}],"about":[{"href":"https:\/\/eduit.ba\/index.php\/wp-json\/wp\/v2\/types\/page"}],"author":[{"embeddable":true,"href":"https:\/\/eduit.ba\/index.php\/wp-json\/wp\/v2\/users\/1"}],"replies":[{"embeddable":true,"href":"https:\/\/eduit.ba\/index.php\/wp-json\/wp\/v2\/comments?post=44"}],"version-history":[{"count":2,"href":"https:\/\/eduit.ba\/index.php\/wp-json\/wp\/v2\/pages\/44\/revisions"}],"predecessor-version":[{"id":631,"href":"https:\/\/eduit.ba\/index.php\/wp-json\/wp\/v2\/pages\/44\/revisions\/631"}],"wp:attachment":[{"href":"https:\/\/eduit.ba\/index.php\/wp-json\/wp\/v2\/media?parent=44"}],"curies":[{"name":"wp","href":"https:\/\/api.w.org\/{rel}","templated":true}]}}